
List the prime factors of 346229678.
2, 173114839
List the prime factors of 19735024.
2, 1233439
List the prime factors of 193576443.
3, 64525481
List the prime factors of 992911764.
2, 3, 13, 6364819
List the prime factors of 905489444.
2, 137, 1652353
What are the prime factors of 62293351?
62293351
What are the prime factors of 258199124?
2, 31, 113, 18427
What are the prime factors of 2695054641?
3, 898351547
List the prime factors of 3853310812.
2, 13, 74102131
List the prime factors of 253248515.
5, 13, 23, 61, 2777
What are the prime factors of 41199417?
3, 7, 23, 28433
List the prime factors of 508808479.
263, 1934633
What are the prime factors of 1225922646?
2, 3, 13, 229, 68633
What are the prime factors of 4823720945?
5, 29, 67, 233, 2131
What are the prime factors of 398563321?
13, 30658717
List the prime factors of 149184018.
2, 3, 11369
List the prime factors of 631700981.
31, 41, 497011
List the prime factors of 113561386.
2, 953, 59581
What are the prime factors of 131133038?
2, 31, 2115049
List the prime factors of 203330861.
29, 1117, 6277
List the prime factors of 1739198006.
2, 7, 13, 347, 27539
List the prime factors of 12335613.
3, 23, 31, 73, 79
List the prime factors of 269374431.
3, 89, 829, 1217
What are the prime factors of 25845999?
3, 8615333
What are the prime factors of 1370140?
2, 5, 68507
List the prime factors of 24393776.
2, 11, 17, 31, 263
What are the prime factors of 18722860?
2, 5, 13, 107, 673
List the prime factors of 145267292.
2, 36316823
What are the prime factors of 2117051156?
2, 11, 29, 1659131
List the prime factors of 8461260766.
2, 7, 19, 313, 101627
What are the prime factors of 185971091?
337, 551843
List the prime factors of 90338850.
2, 3, 5, 7, 17, 241
What are the prime factors of 7148273648?
2, 8387, 53269
What are the prime factors of 39808340?
2, 5, 11, 13, 31, 449
What are the prime factors of 1578562741?
7, 281, 802523
What are the prime factors of 120870723?
3, 19, 1019, 2081
List the prime factors of 21349181.
7, 3049883
List the prime factors of 83235483.
3, 1427, 6481
List the prime factors of 528179569.
229, 1489, 1549
What are the prime factors of 1116184456?
2, 139, 1003763
What are the prime factors of 1343811846?
2, 3, 13, 23, 229, 3271
List the prime factors of 785658901.
101, 7778801
List the prime factors of 201010640.
2, 5, 37, 59, 1151
List the prime factors of 18194660.
2, 5, 11, 191, 433
What are the prime factors of 23305755?
3, 5, 11, 137, 1031
List the prime factors of 88693361.
113, 784897
List the prime factors of 5079800900.
2, 5, 53, 607, 1579
List the prime factors of 2450618998.
2, 7451, 164449
What are the prime factors of 2391004780?
2, 5, 17, 7032367
List the prime factors of 419945694.
2, 3, 7, 29, 557, 619
What are the prime factors of 163508660?
2, 5, 7, 1167919
List the prime factors of 61978928.
2, 11, 23, 61, 251
List the prime factors of 1725516432.
2, 3, 467, 2851
List the prime factors of 12483360.
2, 3, 5, 8669
What are the prime factors of 1695859938?
2, 3, 1571, 59971
List the prime factors of 446290810.
2, 5, 7, 19, 335557
List the prime factors of 132353165.
5, 7, 540217
List the prime factors of 38520093.
3, 12840031
What are the prime factors of 49806487?
137, 363551
What are the prime factors of 374639054?
2, 187319527
List the prime factors of 3486875651.
7, 347, 1435519
What are the prime factors of 260268770?
2, 5, 787, 33071
List the prime factors of 61356836.
2, 15339209
What are the prime factors of 202158068?
2, 7, 31, 232901
List the prime factors of 2634224662.
2, 41, 67, 479473
What are the prime factors of 44116011?
3, 59, 251, 331
What are the prime factors of 26225617?
11, 269, 8863
What are the prime factors of 1361905661?
557, 2445073
What are the prime factors of 36243907?
7, 5177701
What are the prime factors of 118684505?
5, 1733, 13697
What are the prime factors of 880738888?
2, 2141, 51421
List the prime factors of 12119807.
7, 247343
What are the prime factors of 185354328?
2, 3, 7723097
What are the prime factors of 245875182?
2, 3, 7, 17, 344363
List the prime factors of 5098166675.
5, 7, 29132381
List the prime factors of 55125435.
3, 5, 397, 9257
List the prime factors of 1952480363.
1952480363
What are the prime factors of 1982645298?
2, 3, 17, 157, 41269
What are the prime factors of 263493759?
3, 613, 143281
What are the prime factors of 675722129?
23, 29379223
List the prime factors of 26688272.
2, 13, 31, 4139
What are the prime factors of 81680148?
2, 3, 11, 206263
List the prime factors of 770615.
5, 23, 6701
What are the prime factors of 240238939?
197, 1219487
List the prime factors of 2527358652.
2, 3, 7, 13, 17, 2161
List the prime factors of 111409146.
2, 3, 37, 409
What are the prime factors of 449720103?
3, 7, 41, 522323
What are the prime factors of 1866139059?
3, 97, 431, 14879
What are the prime factors of 38176656?
2, 3, 7, 113621
What are the prime factors of 1661635164?
2, 3, 7, 19781371
List the prime factors of 330031367.
330031367
List the prime factors of 2235697752.
2, 3, 1327, 70199
List the prime factors of 59717751.
3, 2351, 8467
List the prime factors of 2164833803.
11, 3527, 55799
What are the prime factors of 39699506?
2, 7, 11, 5261
What are the prime factors of 713333922?
2, 3, 7, 16984141
What are the prime factors of 73358806?
2, 29, 1264807
List the prime factors of 420568255.
5, 4019, 20929
List the prime factors of 10961659.
10961659
What are the prime factors of 5747855685?
3, 5, 11, 13, 2679653
List the prime factors of 3249344233.
367, 8853799
List the prime factors of 59753466.
2, 3, 3319637
What are the prime factors of 398855111?
398855111
What are the prime factors of 1009505002?
2, 11, 45886591
List the prime factors of 769888498.
2, 384944249
What are the prime factors of 6127726878?
2, 3, 7, 13, 3740981
What are the prime factors of 2470732104?
2, 3, 1259, 81769
List the prime factors of 941836528.
2, 151, 349, 1117
What are the prime factors of 1867010199?
3, 622336733
List the prime factors of 42847441.
7, 13, 293, 1607
What are the prime factors of 320021630?
2, 5, 32002163
List the prime factors of 24424525.
5, 29, 59, 571
What are the prime factors of 244846623?
3, 7, 29, 409, 983
What are the prime factors of 74259412?
2, 18564853
What are the prime factors of 2810315031?
3, 9377, 99901
List the prime factors of 72611410.
2, 5, 41, 177101
What are the prime factors of 568403330?
2, 5, 11, 17, 303959
What are the prime factors of 56139767?
37, 1019, 1489
List the prime factors of 48328105.
5, 7, 37, 67, 557
List the prime factors of 244037380.
2, 5, 17, 42221
What are the prime factors of 2348261196?
2, 3, 29, 6747877
List the prime factors of 410051486.
2, 13, 15771211
What are the prime factors of 32327843?
32327843
List the prime factors of 417176789.
157, 863, 3079
List the prime factors of 153103738.
2, 79, 969011
What are the prime factors of 1988474688?
2, 3, 181, 19073
List the prime factors of 700632548.
2, 7, 11, 83, 27407
List the prime factors of 891871926.
2, 3, 11, 1697, 7963
List the prime factors of 19791979.
73, 137, 1979
List the prime factors of 63718526.
2, 61, 522283
What are the prime factors of 57467842?
2, 5281, 5441
List the prime factors of 394162685.
5, 7, 11261791
What are the prime factors of 1344995?
5, 268999
What are the prime factors of 150897823?
150897823
List the prime factors of 332028452.
2, 7, 11858159
List the prime factors of 1924037043.
3, 641345681
List the prime factors of 1503437498.
2, 293, 2565593
What are the prime factors of 56380198?
2, 7, 223, 18059
List the prime factors of 178599526.
2, 7, 41, 7589
What are the prime factors of 691654516?
2, 7, 31, 577, 1381
What are the prime factors of 365650297?
17, 23, 935167
What are the prime factors of 36208270?
2, 5, 7, 517261
What are the prime factors of 5835397401?
3, 19, 34125131
List the prime factors of 3188100784.
2, 11, 18114209
List the prime factors of 163805357.
73, 2243909
What are the prime factors of 535399141?
535399141
What are the prime factors of 48150435?
3, 5, 73, 43973
What are the prime factors of 123322477?
73, 967, 1747
List the prime factors of 245993412.
2, 3, 7, 127, 23059
What are the prime factors of 23466297?
3, 2473, 3163
List the pr